test common factor of 3332 and 85?
17
Calculate the highest common factor of 1865 and 15.
5
What is the greatest common divisor of 183 and 96?
3
Calculate the highest common factor of 452 and 12.
4
What is the highest common divisor of 36 and 10188?
36
What is the highest common factor of 6438 and 174?
174
What is the highest common divisor of 21 and 504?
21
What is the greatest common factor of 36 and 15804?
36
What is the greatest common factor of 101 and 3232?
101
Calculate the greatest common factor of 19 and 38.
19
What is the greatest common factor of 600 and 24?
24
What is the highest common factor of 2501 and 164?
41
Calculate the highest common factor of 236 and 4.
4
What is the greatest common factor of 158 and 154366?
158
Calculate the highest common divisor of 65 and 15.
5
Calculate the highest common divisor of 1078 and 22.
22
Calculate the greatest common divisor of 4906 and 22.
22
What is the greatest common factor of 198 and 418?
22
What is the greatest common factor of 2024 and 176?
88
Calculate the greatest common factor of 102 and 459.
51
What is the greatest common factor of 550 and 44?
22
What is the highest common divisor of 108 and 56?
4
Calculate the highest common factor of 1247 and 1075.
43
Calculate the greatest common factor of 1081 and 376.
47
Calculate the highest common divisor of 92 and 3450.
46
What is the greatest common factor of 1260 and 63?
63
What is the greatest common divisor of 1339 and 65?
13
What is the highest common factor of 2771 and 17?
17
What is the greatest common divisor of 93 and 3441?
93
Calculate the greatest common divisor of 5058 and 36.
18
Calculate the highest common divisor of 37 and 296.
37
What is the highest common factor of 35 and 7?
7
What is the greatest common factor of 1288 and 56?
56
Calculate the highest common divisor of 336 and 294.
42
Calculate the highest common factor of 450 and 30.
30
What is the highest common divisor of 160 and 416?
32
What is the greatest common factor of 1157 and 13?
13
Calculate the highest common divisor of 8827 and 291.
97
What is the highest common divisor of 529 and 23?
23
What is the greatest common factor of 1738 and 55?
11
Calculate the highest common factor of 156 and 390.
78
Calculate the highest common divisor of 3817 and 11.
11
Calculate the highest common factor of 19 and 95.
19
Calculate the highest common factor of 14 and 58548.
14
What is the highest common factor of 325 and 750?
25
Calculate the greatest common divisor of 345 and 48990.
345
What is the highest common factor of 58 and 19952?
58
What is the greatest common divisor of 1010 and 20?
10
What is the highest common factor of 476 and 140?
28
What is the greatest common divisor of 76 and 513?
19
What is the highest common divisor of 1577 and 166?
83
What is the greatest common divisor of 1206 and 2?
2
Calculate the greatest common divisor of 1452 and 44.
44
What is the highest common factor of 30 and 36?
6
What is the greatest common factor of 225 and 825?
75
What is the greatest common factor of 156 and 52?
52
Calculate the greatest common factor of 90 and 750.
30
What is the greatest common divisor of 5020 and 4?
4
What is the highest common factor of 918 and 9?
9
What is the highest common divisor of 16 and 692?
4
What is the greatest common factor of 2 and 170?
2
What is the greatest common divisor of 203 and 29?
29
Calculate the greatest common factor of 986 and 522.
58
What is the greatest common factor of 1694 and 12584?
242
Calculate the greatest common divisor of 152 and 703.
19
What is the greatest common divisor of 90 and 810?
90
What is the highest common factor of 2575 and 425?
25
What is the greatest common divisor of 13 and 39?
13
Calculate the highest common divisor of 2686 and 34.
34
What is the highest common divisor of 304 and 32?
16
What is the highest common divisor of 2 and 1238?
2
Calculate the highest common divisor of 90 and 162.
18
Calculate the greatest common divisor of 72 and 38376.
72
Calculate the greatest common divisor of 819 and 143.
13
What is the highest common factor of 625 and 25?
25
Calculate the highest common factor of 11 and 1263.
1
What is the greatest common factor of 132 and 1308?
12
Calculate the greatest common factor of 51 and 68.
17
What is the greatest common divisor of 36 and 28?
4
What is the greatest common factor of 35 and 55?
5
What is the highest common divisor of 440 and 55?
55
Calculate the highest common divisor of 2416 and 16.
16
What is the highest common factor of 957 and 99?
33
What is the greatest common factor of 40 and 12568?
8
Calculate the highest common factor of 138 and 2944.
46
What is the greatest common factor of 1776 and 168?
24
What is the greatest common divisor of 320 and 24?
8
Calculate the greatest common factor of 76196 and 172.
172
What is the highest common factor of 12 and 54?
6
What is the greatest common divisor of 17 and 19992?
17
Calculate the highest common divisor of 2645 and 5.
5
Calculate the highest common divisor of 845 and 10.
5
What is the highest common factor of 19 and 76?
19
What is the highest common divisor of 84 and 6?
6
Calculate the greatest common factor of 162 and 372.
6
Calculate the highest common divisor of 360 and 1104.
24
Calculate the highest common factor of 9438 and 780.
78
What is the highest common factor of 17 and 442?
17
What is the greatest common factor of 35 and 21?
7
What is the highest common divisor of 7857 and 97?
97
What is the greatest common divisor of 672 and 21?
21
What is the highest common divisor of 35 and 20?
5
What is the greatest common divisor of 16 and 1576?
8
Calculate the greatest common divisor of 86 and 3311.
43
What is the highest common divisor of 152 and 8?
8
What is the highest common factor of 16 and 116?
4
What is the highest common factor of 832 and 128?
64
Calculate the greatest common factor of 5593 and 119.
119
What is the greatest common divisor of 995 and 65?
5
What is the greatest common divisor of 11374 and 94?
94
What is the highest common divisor of 77 and 649?
11
Calculate the greatest common divisor of 22042 and 214.
214
What is the greatest common divisor of 5312 and 166?
166
Calculate the highest common factor of 55 and 17930.
55
Calculate the greatest common factor of 1694 and 1078.
154
What is the highest common divisor of 45 and 4635?
45
Calculate the highest common divisor of 435 and 105.
15
Calculate the greatest common divisor of 351 and 442.
13
What is the highest common factor of 339 and 2599?
113
Calculate the greatest common factor of 5247 and 297.
99
What is the greatest common factor of 120 and 280?
40
Calculate the greatest common factor of 88 and 22.
22
What is the greatest common divisor of 121 and 44?
11
What is the greatest common factor of 4 and 356?
4
What is the greatest common divisor of 2401 and 14?
7
Calculate the highest common divisor of 7065 and 1035.
45
Calculate the greatest common divisor of 200 and 125.
25
Calculate the greatest common divisor of 390 and 150.
30
What is the highest common factor of 225 and 360?
45
Calculate the highest common factor of 51 and 51.
51
What is the highest common divisor of 120 and 11112?
24
Calculate the greatest common factor of 455 and 385.
35
What is the highest common divisor of 5 and 151?
1
What is the greatest common factor of 303 and 18?
3
Calculate the greatest common divisor of 30 and 6.
6
Calculate the greatest common factor of 1575 and 70.
35
What is the highest common factor of 9056 and 48?
16
Calculate the greatest common divisor of 12 and 2388.
12
What is the greatest common factor of 3953 and 295?
59
What is the highest common factor of 224 and 608?
32
What is the highest common factor of 12400 and 100?
100
What is the greatest common divisor of 925 and 25?
25
What is the highest common factor of 2 and 163?
1
What is the greatest common factor of 104 and 10972?
52
Calculate the highest common divisor of 104 and 20150.
26
Calculate the highest common divisor of 47 and 799.
47
What is the greatest common factor of 86 and 215?
43
Calculate the greatest common divisor of 444 and 703.
37
What is the highest common divisor of 42 and 798?
42
What is the greatest common divisor of 405 and 185?
5
What is the highest common divisor of 1264 and 16?
